base 6.
2443454
What is 2425524 (base 9) in base 11?
819a31
What is -1201110200 (base 3) in base 13?
-1255b
What is -179012 (base 10) in base 12?
-87718
625706 (base 11) to base 14
1c17ba
What is -53a87 (base 14) in base 10?
-202391
What is d22a8 (base 14) in base 7?
4203401
What is -10451531 (base 6) in base 10?
-317935
1226630 (base 9) to base 3
1020220201000
Convert -286c8 (base 13) to base 12.
-37ab0
-10100100011011010010100 (base 2) to base 14
-a0375a
Convert -646d (base 14) to base 7.
-101366
-143005032 (base 6) to base 13
-7bc4ca
What is 42142201 (base 5) in base 7?
2654315
What is -595 (base 13) in base 16?
-3c7
Convert -112e120 (base 15) to base 8.
-56725003
1120010233 (base 4) to base 9
608764
What is -20df4 (base 16) in base 8?
-406764
What is 2553120 (base 7) in base 12?
140466
300314322 (base 5) to base 16
120afe
Convert 4a6 (base 12) to base 11.
589
-121101020102 (base 3) to base 5
-40304031
Convert 61177a (base 16) to base 12.
216a362
What is -2702e (base 16) in base 10?
-159790
2651547 (base 8) to base 9
1351148
What is -132023001 (base 5) in base 3?
-1020102102210
What is -7c50e (base 16) in base 7?
-4220354
Convert 10cb0e (base 15) to base 8.
3037074
Convert -237333 (base 8) to base 4.
-103323123
What is 1022372 (base 8) in base 9?
453518
-2715d5 (base 14) to base 8
-5111567
Convert 3d884 (base 15) to base 10.
197674
3cc96 (base 13) to base 16
1be16
Convert 100010001000110011 (base 2) to base 11.
96066
-3310113000 (base 4) to base 7
-11336031
-472037 (base 8) to base 3
-22011120112
Convert -11000110110100011 (base 2) to base 8.
-306643
7c3191 (base 14) to base 15
58992a
-2751a89 (base 11) to base 8
-22066122
Convert -308b60 (base 14) to base 3.
-10002012110020
Convert 313341130 (base 5) to base 16.
13f8f3
-1101100100010000111 (base 2) to base 15
-8babb
What is 5e86 (base 15) in base 14?
74b5
Convert -7262b (base 15) to base 13.
-c900b
17200626 (base 10) to base 3
1012100212211020
270613 (base 9) to base 14
43d59
-101926 (base 10) to base 14
-29206
What is 12851682 (base 9) in base 15?
857292
What is 1660264 (base 8) in base 7?
4052434
-6cb06 (base 14) to base 8
-1006562
Convert -1314b77 (base 12) to base 7.
-43655233
What is -20064706 (base 8) in base 2?
-10000000110100111000110
Convert 123550440 (base 6) to base 7.
26416632
5001083 (base 11) to base 15
b9ee52
What is -111211021212002 (base 3) in base 9?
-14737762
What is -2151111 (base 8) in base 10?
-578121
What is 28211436 (base 9) in base 5?
12032140321
Convert -1a94c (base 16) to base 14.
-2b96c
Convert -1001110000011010000001 (base 2) to base 10.
-2557569
Convert 110101000010000 (base 2) to base 3.
1101020122
Convert -111100000100100001011 (base 2) to base 8.
-7404413
What is 231304132 (base 5) in base 2?
11111110001100001111
Convert -50635 (base 9) to base 3.
-1200201012
Convert 1242012021 (base 5) to base 2.
1011101111101101100011
Convert 3a30a (base 12) to base 2.
10011100000111010
What is -2313444 (base 7) in base 10?
-289377
What is -10000000010001010 (base 2) in base 7?
-362320
What is 10653350 (base 7) in base 9?
1678128
Convert -1322314 (base 10) to base 9.
-2434777
-2d688b (base 15) to base 2
-1000011000111000010000
What is -a55a (base 11) in base 4?
-3122130
Convert -267527 (base 9) to base 2.
-100111110010110101
Convert -63b6a8 (base 13) to base 3.
-11101211011202
-243714 (base 9) to base 15
-2d8c4
What is 72634 (base 8) in base 3?
1112022010
What is -8516d (base 14) in base 7?
-2505566
-312170 (base 9) to base 13
-66468
2da92a (base 15) to base 3
11011102020111
Convert 1211011112001 (base 3) to base 16.
ec452
Convert -2263631 (base 9) to base 7.
-13252510
23045 (base 15) to base 4
123031100
What is -59d99 (base 14) in base 3?
-102011001010
What is 10278 (base 13) in base 4?
13011012
10144521 (base 6) to base 13
a3a4a
-6a254 (base 12) to base 2
-100010101011100000
What is 1323301222 (base 4) in base 13?
1499bc
1c3cd (base 14) to base 3
10122220212
What is 19867 (base 16) in base 12?
50607
What is -2153060 (base 10) in base 16?
-20da64
What is -176395 (base 11) in base 16?
-42677
What is -1ac623 (base 16) in base 9?
-3263841
Convert -288b0 (base 15) to base 11.
-89918
133022322 (base 4) to base 13
46161
Convert 55302532 (base 7) to base 5.
2204213320
Convert -2926a5 (base 11) to base 14.
-bc978
Convert -28b5a (base 13) to base 12.
-38420
53e62 (base 15) to base 8
1010374
Convert -15011403 (base 6) to base 5.
-112434000
-22220020 (base 7) to base 14
-380010
What is 10010000110010100101 (base 2) in base 7?
5020020
What is 213402334 (base 5) in base 10?
919094
What is -21113301303 (base 4) in base 14?
-47d41d
What is -124d8d8 (base 14) in base 16?
-863876
What is 715809 (base 10) in base 7?
6040623
Convert -1202414 (base 7) to base 8.
-451134
163170 (base 8) to base 10
59000
Convert -1303332111 (base 4) to base 7.
-4015632
Convert 43160353 (base 7) to base 11.
20927a7
Convert 317969 (base 16) to base 10.
3242345
What is -126c5 (base 15) in base 14?
-1767c
Convert 100201001 (base 4) to base 15.
1509e
2463546 (base 9) to base 16
147696
What is -27bb02 (base 16) in base 13?
-7021c8
6425ea (base 16) to base 15
899a3b
What is -2dd45 (base 14) in base 15?
-24193
What is -22727564 (base 9) in base 5?
-10312421401
What is 241936 (base 10) in base 7?
2025232
1215979 (base 12) to base 10
3514413
Convert 6a308 (base 15) to base 6.
11125355
What is 2010031233 (base 4) in base 7?
4413603
What is -1011000000010111110 (base 2) in base 9?
-608628
Convert 11353116 (base 9) to base 5.
2403323040
388024 (base 9) to base 6
5014121
What is 311312011 (base 4) in base 12?
a7771
42004335 (base 6) to base 9
2250325
Convert -1000020211 (base 3) to base 16.
-4d9b
-10100010101111010 (base 2) to base 11
-57668
Convert -1101101001101111 (base 2) to base 9.
-84632
What is 2391712 (base 10) in base 13?
65981b
Convert -52241 (base 14) to base 6.
-4124425
What is -21220001001222 (base 3) in base 15?
-57c6ab
Convert -22002010022210 (base 3) to base 14.
-7da898
What is -40220 (base 5) in base 2?
-101000000000
What is -2042551 (base 8) in base 3?
-1000112120012
-10011001000000001101 (base 2) to base 11
-398939
What is 26170ca (base 13) in base 7?
203236112
What is -3c56 (base 14) in base 5?
-320120
Convert 222223331 (base 4) to base 14.
47a0d
Convert -10110100011000101 (base 2) to base 11.
-63431
-107298 (base 11) to base 8
-515335
Convert 322235203 (base 6) to base 15.
77c96c
bc7962 (base 15) to base 6
520335315
-7743a4 (base 12) to base 14
-374576
4305089 (base 12) to base 3
212220011222220
What is 6500 (base 16) in base 2?
110010100000000
10101010010011100 (base 2) to base 14
23ac4
Convert 239580 (base 12) to base 4.
2030223300
What is 1010000111011 (base 3) in base 13?
178c18
333422131 (base 5) to base 14
2a2978
What is 220133332 (base 4) in base 6?
3315554
What is -100110111001100000011 (base 2) in base 15?
-1a2a02
Convert 4043101 (base 7) to base 9.
813164
Convert 11013223123 (base 4) to base 3.
2112012010001
115857 (base 14) to base 10
591605
What is -2510324 (base 8) in base 11?
-433268
What is -3acc16 (base 16) in base 14?
-7243c2
Convert -33191 (base 11) to base 4.
-23300021
Convert -7815728 (base 11) to base 9.
-27717578
Convert 12bc2 (base 14) to base 15.
da70
What is -2361555 (base 7) in base 6?
-10240213
What is -25463 (base 9) in base 3?
-212112010
-10201210120 (base 3) to base 6
-1324110
a74dc (base 14) to base 5
100414341
-2c93ea (base 16) to base 7
-33555230
What is 2632435 (base 7) in base 2?
1010100000010111011
What is -1021012011 (base 3) in base 5?
-1244200
What is -2112112001 (base 3) in base 6?
-1023131
Convert -10010221211021 (base 3) to base 5.
-412002243
What is -5618396 (base 10) in base 3?
-101120102222202
65cacb (base 16) to base 13
14c758a
-141034100 (base 6) to base 4
-22313333310
What is 1033313113 (base 4) in base 8?
1176727
16105840 (base 9) to base 10
8034993
What is 1010100001010110110100 (base 2) in base 15?
397313
-131502 (base 11) to base 4
-302201000
Convert 15133262 (base 8) to base 2.
1101001011011010110010
23323114 (base 5) to base 11
1369a0
-60ee4d (base 15) to base 3
-22200001020101
2d2102 (base 15) to base 11
1261840
Convert 3102343 (base 5) to base 15.
edb8
What is 1221303200 (base 4) in base 3?
211000110222
Convert 603545 (base 7) to base 9.
1651